{"id":15,"date":"2010-07-12T11:45:09","date_gmt":"2010-07-12T10:45:09","guid":{"rendered":"http:\/\/it-comp.de\/cms\/"},"modified":"2016-10-12T12:57:29","modified_gmt":"2016-10-12T11:57:29","slug":"it-comp-dornhan","status":"publish","type":"page","link":"https:\/\/www.it-comp.de\/cms\/","title":{"rendered":"IT-Comp"},"content":{"rendered":"<p><code>\u00a0<\/code><\/p>\n<p>IT-Comp versteht sich als Servicedienstleister rund um Ihre IT und ist L\u00f6sungsanbieter f\u00fcr<\/p>\n<ul>\n<li>Kommunen und Schulen<\/li>\n<li>Industrie, Handel und Dienstleister<\/li>\n<li>Gewerbetreibende Unternehmen aller Branchen<\/li>\n<\/ul>\n<p>&#8211;&gt; also f\u00fcr alle, die IT-Kompetenz ben\u00f6tigen, um den eigenen Erfolg zu steigern.<\/p>\n<p>Durch unsere langj\u00e4hrige praxisorientierte Erfahrung mit kundenspezifischen Bed\u00fcrfnissen und systemorientierten L\u00f6sungen kann auch Ihr individuelles Anliegen in kurzer Zeit zu Ihrer vollsten Zufriedenheit gel\u00f6st werden.<\/p>\n<p>Durch unsere Kontakte und spezialisierten Partner haben wir die M\u00f6glichkeit, Ihnen hochwertige Computersysteme, Peripherieger\u00e4te und Netzwerkkomponenten zu g\u00fcnstigen Preisen anzubieten oder zu vermitteln. Dabei steht f\u00fcr uns immer die Wirtschaftlichkeit im Vordergrund. Teuer muss nicht gut sein, und gut nicht teuer.<\/p>\n<p>&nbsp;<\/p>\n","protected":false},"excerpt":{"rendered":"<p>\u00a0 IT-Comp versteht sich als Servicedienstleister rund um Ihre IT und ist L\u00f6sungsanbieter f\u00fcr Kommunen und Schulen Industrie, Handel und Dienstleister Gewerbetreibende Unternehmen aller Branchen &#8211;&gt; also f\u00fcr alle, die IT-Kompetenz ben\u00f6tigen, um den eigenen Erfolg zu steigern. Durch unsere &hellip; <a href=\"https:\/\/www.it-comp.de\/cms\/\">Weiterlesen <span class=\"meta-nav\">&rarr;<\/span><\/a><\/p>\n","protected":false},"author":2,"featured_media":0,"parent":0,"menu_order":1,"comment_status":"closed","ping_status":"closed","template":"","meta":{"footnotes":""},"_links":{"self":[{"href":"https:\/\/www.it-comp.de\/cms\/wp-json\/wp\/v2\/pages\/15"}],"collection":[{"href":"https:\/\/www.it-comp.de\/cms\/wp-json\/wp\/v2\/pages"}],"about":[{"href":"https:\/\/www.it-comp.de\/cms\/wp-json\/wp\/v2\/types\/page"}],"author":[{"embeddable":true,"href":"https:\/\/www.it-comp.de\/cms\/wp-json\/wp\/v2\/users\/2"}],"replies":[{"embeddable":true,"href":"https:\/\/www.it-comp.de\/cms\/wp-json\/wp\/v2\/comments?post=15"}],"version-history":[{"count":17,"href":"https:\/\/www.it-comp.de\/cms\/wp-json\/wp\/v2\/pages\/15\/revisions"}],"predecessor-version":[{"id":115,"href":"https:\/\/www.it-comp.de\/cms\/wp-json\/wp\/v2\/pages\/15\/revisions\/115"}],"wp:attachment":[{"href":"https:\/\/www.it-comp.de\/cms\/wp-json\/wp\/v2\/media?parent=15"}],"curies":[{"name":"wp","href":"https:\/\/api.w.org\/{rel}","templated":true}]}}